+ 4 + 3 + 2*a. Determine g(-6).
7
Let v be ((-124)/(-8) + -4 + 0)*6. Let r = 75 - v. Let x(z) = 3*z**2 - 26*z + 24. Let n(i) = i**2 - 9*i + 8. Let j(c) = -11*n(c) + 4*x(c). What is j(r)?
14
Let p(j) = -j + 14. Let c = -275 - -176. Let n = -86 - c. What is p(n)?
1
Let r(m) = 5*m**2 - 3*m**2 + 212*m - 186*m + 17. Suppose -y - 28 = -4*i - 8, 2*y + 4*i + 16 = 0. Let f be r(y). Let p(b) = b**3 + 7*b**2 - 2*b + 9. Give p(f).
23
Suppose -1392 + 1372 = 10*w. Let d(t) = 4*t**3 - t**2 - 2*t + 4. Calculate d(w).
-28
Let t be ((-12)/(-10))/(24/5480). Let d(s) = -2 - 269*s + t*s + 0. Give d(4).
18
Let a(x) be the first derivative of 15*x - 1/4*x**4 - 3*x**2 - 257 - 3*x**3. What is a(-8)?
-1
Let a(g) = g**3 + 3*g**2 - g - 1. Let r be a(-4). Let k(v) = -177*v - 1. Let c(y) = -2834*y - 34. Let b(d) = -c(d) + 16*k(d). Give b(r).
-8
Suppose 83 + 145 = -3*o. Let x be (o/114)/(2/21). Let b(w) = w**3 + 6*w**2 - 4*w + 10. What is b(x)?
-11
Let s(t) = 10*t**2 - t - 3. Let x be s(-7). Let q = -1026 - -1520. Let l(j) = -j - q + x. Calculate l(-2).
2
Suppose -5*q = 4*l - 29, -6*q + 5*q - 4*l = -9. Let f(r) = -3 - r**2 - 2 + 3*r - 4 + 3 + r**3 + q. What is f(2)?
9
Let p = 9 + -17. Let h(m) = -20 + m**3 - 7*m - 38 + 14*m + 9*m**2 + 52. What is h(p)?
2
Let z(q) = -3647 + 5*q + 3567 - 18*q. Let v be z(-6). Let l(o) = 5*o**2 + 3*o. Determine l(v).
14
Suppose -3*l = 86*l + 89. Let c(z) = 98*z + 1. Determine c(l).
-97
Let r(i) = 17*i**2 + 6*i + 6. Let z(q) = 13*q - 1756. Let f be z(135). What is r(f)?
17
Let l be 6/6 + -8 - 273. Let q = -286 - l. Let i(w) = w**3 + 6*w**2 - w - 7. Let v(k) = -2*k**3 - 12*k**2 + 2*k + 15. Let m(u) = 5*i(u) + 2*v(u). Give m(q).
1
Suppose -4*r = -2*b, 2*r + 0*r - 8 = 0. Let a(x) = -x**3 + 12*x**2 - 35*x + 32. What is a(b)?
8
Let k = -9 - -11. Suppose -4*h - k*q + 52 = 0, h - 2*q = -4*h + 47. Suppose -9*p = h + 16. Let j(l) = 3*l + 3. Determine j(p).
-6
Let b(u) = 2*u**2 + 36*u - 22. Suppose 120*l - 180 = 130*l. Determine b(l).
-22
Let j(u) = -u**3 - 6*u**2 - u - 2. Let d be j(-6). Let g(n) be the second derivative of -4*n - 1/20*n**5 + 1/3*n**4 + 0 + 1/3*n**3 - 3/2*n**2. Calculate g(d).
5
Let v(l) = 2 - 1 - 7 + 5*l - 3. Suppose -7*y = -8*y - s + 14, 2*y + 3*s = 38. What is v(y)?
11
Suppose 0 = -2*h - 5*r + 26, -2*h + 4*h - 4*r + 10 = 0. Suppose 0 = -3*s - 4*w - 13, 5*s = h*w - 10 - 2. Let u(v) = 2*v + v - 2*v**2 + 4 - 5*v. Determine u(s).
-8
Let k = -3 + 7. Let r be 5 + ((-3)/6)/1*k. Let i(g) = -17*g + 3. Let v(q) = 11*q - 2. Let y(l) = -5*i(l) - 7*v(l). Calculate y(r).
23
Let v(a) = a**3 + 44*a**2 + 19*a - 5. Let o(q) = -q**3 - 39*q**2 - 18*q + 5. Let b(w) = 6*o(w) + 5*v(w). Give b(-13).
5
Let b(t) = t**3 - 17*t**2 + 2*t - 42. Let l = -3965 + 3982. Determine b(l).
-8
Suppose -21*t - 125 = -9*t - 137. Let r(q) = -39*q + 12. Determine r(t).
-27
Let t = 23 + -5. Let n = t + -15. Suppose 0 = 3*g - 3*h + 6, 2*g - n*h + 1 = -4. Let w(u) = u**3 - 2*u**2 - 2*u - 1. Give w(g).
-2
Let s(j) be the second derivative of -j**5/20 + 2*j**3/3 + j**2/2 + 570*j. Determine s(-3).
16
Let a = 150 - 106. Suppose 6*r - a = -14. Let h(t) = -t**2 + 2*t - 1 - 1 - 9*t + r. Give h(-7).
3
Let t = 28 + -10. Let g = 20 - t. Let l(b) be the first derivative of -3*b**2 + 3*b - 9. Give l(g).
-9
Suppose -2*z + 40 = 3*z - 4*b, -4*z - 2*b = -32. Let t(n) = -47*n + 11. Let w(p) = 21*p - 6. Let l(r) = 4*t(r) + 9*w(r). Determine l(z).
-2
Let p(n) = -14 - 6131*n**2 + 16*n - n**3 - 59*n + 3052*n**2 + 3062*n**2. Determine p(-14).
0
Let a(w) be the first derivative of 3*w**2/2 - 5*w + 16998. Suppose -5*j = 2 - 17. What is a(j)?
4
Let y(v) = v**2 + 2*v + 5. Suppose 10*i - 48 = 7*i. Let m(q) = -4*q**2 + 4*q + 4. Let f be m(-2). Let t be (-5)/2*2*i/f. Give y(t).
29
Let c(z) = z**3 + 3*z**2 - z + 4. Suppose 48 = -12*i - 36. Let f be (14/(-6))/i*9*-1. Give c(f).
7
Let o be (-3 - 2)*1/1. Let v(g) = g**3 + 31*g**2 - g - 135. Let f(s) = -3*s**3 - 97*s**2 + 4*s + 427. Let h(l) = 6*f(l) + 19*v(l). What is h(o)?
22
Let h(y) = -2 - 66*y - 36*y + 143*y. Give h(1).
39
Let r(y) = -y**2 - y - 2. Suppose -o = 2*k - 4*k + 8, -3*k - o = -2. Suppose 0 = 4*q + 4*l - 4, -5*l + k + 18 = 0. Determine r(q).
-8
Let r = 62 - 58. Let p(x) = -10*x + 1 + 1 + 3 - r. Determine p(2).
-19
Let h(u) = -1. Let c(p) = 21*p + 6. Let g(j) = c(j) + 5*h(j). Let i(r) = -2*r**3 - 11*r**2 - 12*r - 109. Let k be i(-6). Calculate g(k).
-20
Let l(m) = 6*m**2 - 3*m - 1. Let p = -695 - -698. Suppose -p*x - 3 = -4*j, 0*x + 2*j + 3 = 3*x. What is l(x)?
44
Suppose t + 3*t = 0. Let q be t + -2 + 1 + -2. Let h(j) = -21 + 20 - 2 + 2*j. What is h(q)?
-9
Let x(p) = -4*p**2 + 31*p + 8. Let g be x(8). Let h be (g + 2/8)*4. Let l(j) = 5*j - 2. Calculate l(h).
3
Let r(j) = -12 - 4*j - j + 15*j - j**2. Suppose 98*s - 29*s = 621. Give r(s).
-3
Let n be (-1825)/(-375) - 2/(-15). Suppose -5*m + 20 = -n, -2*y + 5*m - 27 = 0. Let w(j) = -26*j**3 - 2*j - 1. What is w(y)?
27
Let x(h) = 29*h**3 - 9*h**2 - 15. Let s(d) be the first derivative of 7*d**4/2 - 4*d**3/3 - 7*d - 72. Let z(a) = 13*s(a) - 6*x(a). Determine z(-1).
-7
Let q be 90/(-60)*-802*1/3. Let j = -400 + q. Let s(h) = -10*h**3 + h - 1. What is s(j)?
-10
Let f be 3 + ((-2)/5 - (-114)/(-190)). Let b(g) = -7*g**2. Determine b(f).
-28
Let i = 650 - 640. Let m be 0*i/(-50) - -8. Let u(z) = z**3 - 7*z**2 - 8*z + 12. Give u(m).
12
Let z(q) be the third derivative of -q**6/120 - 31*q**5/60 - q**4/24 - 16*q**3/3 + 2*q**2 + 4*q + 12. Calculate z(-31).
-1
Let x = 278 - 330. Let h = x + 53. Let s(o) = -4*o. Determine s(h).
-4
Let q(v) be the second derivative of -v**5/20 - v**4 + 7*v**3/2 + 27*v**2/2 - 3*v + 17. Calculate q(-13).
-77
Let y(o) be the first derivative of -20*o**2 - 439*o - 8234. Give y(-11).
1
Suppose -4*o = -k + 6*k + 550, -5*o - 696 = 2*k. Let c = -133 - o. Let s(i) be the third derivative of i**5/60 - i**4/4 + i**2. Give s(c).
7
Let y(j) be the second derivative of -1/3*j**3 + 8 + 5/2*j**2 - j. Calculate y(5).
-5
Let p = 125 - 120. Let v be ((-5)/(-3))/p + 112/24. Suppose -2*m - 5*n = 6, -m - 3*n = -0*m + v. Let o(d) = -2*d + 7. What is o(m)?
-7
Suppose 4*h = -4*g - 109 - 19, -9*h = 135. Let z(v) = -17*v**2 - v**3 + 13 - 2*v + 2*v. What is z(g)?
13
Let t(s) be the second derivative of s**4/12 + s**3/2 + s**2/2 - 549*s. Suppose -2*w + 5*v = v, w - 6 = 5*v. Give t(w).
5
Let w = 2 + -2. Let f(n) = 0*n**3 - 5390548*n - n**2 + 2 + n**3 + 5390546*n. What is f(w)?
2
Suppose -i = -2*n + i + 44, 86 = 4*n - 3*i. Let w be 3/(-27) - n/(-18). Let k(c) = 0 + w + 2*c - 8*c. What is k(2)?
-11
Suppose -r - 23*j = -20*j - 8, 3*j - 2 = 2*r. Let o(t) = 5*t - 6*t**2 - t**3 + 0*t + 1 - 2*t + t**r. What is o(-4)?
-27
Let h(g) = -g**3 - 3*g**2 - g - 1. Suppose -3*i + 2 = 11. Let k be h(i). Let q(m) = -2*m**3 + 4*m + m**3 - 36*m**2 + 41*m**k + 5. Give q(6).
-7
Suppose 3*l + 2*l - 2410 = 0. Let y(z) = -8 - 244*z - 239*z + l*z. Determine y(-6).
-2
Let m(d) = -d**3 - d**2 - 2*d - 1. Let q(g) be the first derivative of -3*g**4/2 - 6*g**3 - 11*g**2/2 - 20*g + 108. Let s(v) = 5*m(v) - q(v). What is s(-13)?
2
Let q(k) be the second derivative of -k**4/12 + k**3/6 - k**2/2 - 21385*k. Suppose 0 = -5*m - 7 - 13. Let t = 4 + m. Determine q(t).
-1
Let i(z) = -3*z**3 - z**2 + 4*z + 3. Suppose 55*l = -56*l + 108*l - 9. Calculate i(l).
63
Let f(d) = 7*d + 9. Let i(k) = -8*k - 10. Let h(m) = 7*f(m) + 6*i(m). Let s be (-4)/(-6) - 7800/(-585). Suppose 25*u = 6*u + s*u. What is h(u)?
3
Let o(r) be the second derivative of -5*r**4/12 - 2*r**3/3 - 2*r**2 - 639*r. Determine o(-2).
-16
Let u = 36 + -118. Let m = u + 84. Let s(n) = -21*n + 4*n - m - n**3 + 12*n + 3*n**2 + 2*n**3. What is s(-4)?
2
Let u(h) = 30*h**2 - 14*h + 120. Let p(q) = 17*q**2 - 8*q + 62. Let x(z) = -9*p(z) + 5*u(z). What is x(5)?
-23
Let c(y) = -99*y**2 - 94*y**2 - 12 + 384*y**2 - 95*y**2 + 11*y - 94*y**2. What is c(-9)?
51
Let a = 280 + -284. Let k(o) = 5*o + 29. Let l(q) = -3*q - 16. Let r(i) = a*k(i) - 7*l(i). Calculate r(-4).
-8
Let s(q) = 168937*q**2 + q**3 - 12*q + 0*q**3 + 1 - 168933*q**2. Calculate s(-6).
1
Let p(y) be the first derivative of y**5/30 - y**4/24 - 7*y**3/3 - y**2/2 - 144. Let x(i) be the third derivative of p(i). What is x(-2)?
-9
Let w(y) = 6*y - 196. Let g(n) = n - 34. Let r(i) = -5*g(i) + w(i). What is r(3)?
-23
Let k(u) = -831*u + 272*